*2 + 3*v. Let r be u(-3). Determine d(r).
4
Let c(s) = -7*s**3 - 5*s**3 - 1 - 7*s**3 + 18*s**3. Give c(-1).
0
Let h(l) = l**2 + 5*l + 4. Let s be (5*4/4)/1. Suppose 18 = -s*f + 3*r, 14 = -3*f + 2*r + 3*r. Determine h(f).
-2
Let j(q) be the second derivative of q**4/12 - 8*q**3/3 - q**2/2 - 121*q. Determine j(15).
-16
Let x(a) = 2*a + 13. Suppose -2*q - 2*d + 38 = -5*q, -q - 3*d - 9 = 0. Determine x(q).
-11
Let t(i) = 11*i + 2. Let x = -506 - -504. Calculate t(x).
-20
Let s(t) be the third derivative of t**4/6 + t**3/6 + 4*t**2. Let c(p) = p. Let l(r) = -5*c(r) + s(r). Suppose -4 = g, 0*g - 3*g - 21 = -3*h. Calculate l(h).
-2
Let b(d) be the third derivative of -d**4/24 - 7*d**3/6 + 7*d**2. Let f = 1 + 0. Let g be f - (0 - 2) - 3. What is b(g)?
-7
Suppose 0 = 3*z + 11 - 20. Let f(o) = -1 + o - 18*o**z + 19*o**3 - 4*o**2 - 5*o. What is f(5)?
4
Let w(i) = 0*i**2 + 17 - 24 + 8 + 3*i**2 + i. Suppose -7 = -4*n + 5, -2*f - 11 = -3*n. Give w(f).
3
Suppose 4*c - 9 = -17. Let p be (-5 - 260/(-25)) + c/5. Let g(n) = n**2 - 3*n - 3. Let w(k) = -3*k**2 + 9*k + 10. Let u(s) = -7*g(s) - 2*w(s). Give u(p).
-9
Let q(s) = 6*s**2 + 3*s + 2. Let i = 1 + -2. Let j be q(i). Let k(d) = -d**3 + 4*d**2 + 3*d + 2. Calculate k(j).
-8
Let g(c) be the third derivative of -c**6/120 - 7*c**5/60 - c**4/8 + 5*c**3/3 - 22*c**2 - c. What is g(-7)?
31
Let t be 10 + 25 + (-4)/(-2). Suppose -t = 5*n - 2*h, 7*n + 22 = 4*n + h. Let y(f) = f + 11. Give y(n).
4
Let r(z) = -z - 6. Let a be r(0). Let t(i) = i**2 + 6*i + 1. Determine t(a).
1
Let p(b) = -2*b**3 - 7*b**2 - 4*b - 28. Let n be p(-4). Let u(c) be the third derivative of 3*c**2 + c**3 + 1/60*c**5 + 0 + 0*c - 5/24*c**n. Determine u(5).
6
Let d(b) = -2 + 2*b + 2 - 7 - 5 + 5. Calculate d(13).
19
Let t(h) be the second derivative of -h**4/2 - h**2/2 + h - 15. Let j(a) be the first derivative of -a**2/2 + 4*a - 1. Let i be j(3). Calculate t(i).
-7
Let g(v) = v**3 + 3*v**2 - 7*v - 10. Let r be g(-4). Let z be -3*((-8)/(-6))/r. Let u be (z - -1)*2 - -3. Let k(a) = -7*a**2 + 2*a - 1. Calculate k(u).
-6
Suppose -3*f - 9 = -5*j + 11, 3*j + 2*f = 12. Suppose -j*l = -4*r + 60, -3*l + 32 = 6*r - 2*r. Let a(p) = p**3 - 11*p**2 - p + 10. Give a(r).
-1
Let j(q) = q - 1. Let u be j(3). Suppose u*c + 24 = -2*c. Let y(o) = 4*o - 2. Let r(p) = -3*p + 1. Let b(h) = -3*r(h) - 2*y(h). Determine b(c).
-5
Let g(v) = -6*v - 21. Let w(i) = 7*i + 23. Let z(r) = -6*g(r) - 5*w(r). What is z(-8)?
3
Let c(b) = -39 - 40 + 3*b - 10*b + 84. Determine c(2).
-9
Let r(l) = -6*l**2 + 2*l - 6. Let t(d) = d**2. Let z(y) = r(y) + 4*t(y). What is z(3)?
-18
Let h(n) = -7 - 147*n + 70*n + n**3 + 6*n**2 + 81*n. Give h(-5).
-2
Let m(f) = -6*f**3 - f**2 + 1. Let j be 0 - 0 - (2 + -11). Suppose -4*q = -j*q + 5. What is m(q)?
-6
Let w(q) be the third derivative of -q**4/8 + 15*q**3/2 + 206*q**2 - 1. Calculate w(15).
0
Let d(r) be the second derivative of -2*r**4/3 + r**3/6 + r**2 - 69*r. Determine d(2).
-28
Let x(p) be the third derivative of p**5/60 - 2*p**3/3 + 8*p**2 + 36*p. Suppose -f + 0*f - 3 = 0. What is x(f)?
5
Let h(t) = -2*t + 3. Let i = 169 + -179. What is h(i)?
23
Let f be (8/(-10))/(2/(-5)). Suppose x - f*x = 6. Let k(r) be the second derivative of -r**3/3 - 9*r**2/2 + 9*r. Determine k(x).
3
Let d(u) = -6*u**3 + 2*u**2 + u - 1. Let i be d(-1). Let r(p) = p**2 - 6*p + 5. Determine r(i).
5
Suppose 2*f + 3*c = f + 1, -3*c - 6 = 0. Suppose 5*k - 8 = 3*h + 2, 3*k - 3*h - 6 = 0. Let b(g) = -4*g**2 + 3 - 6*g - 13 + 3*g**2 + k*g**2. Calculate b(f).
-3
Let u(n) = n**3 + n - 19. Let g(p) = -p**2 - 9*p + 10. Let b be g(-10). What is u(b)?
-19
Let k(a) = 26*a**2 + a - 4. Let j(u) = -45*u**2 - u + 8. Let z(w) = 4*j(w) + 7*k(w). What is z(-4)?
24
Suppose -3*v = -0*v + 9. Let l(n) = -4 + n**3 - n + 12*n**2 + 14*n**2 - 24*n**2. Give l(v).
-10
Suppose -5*u - 11 = 5*s - 51, -5*s = -4*u + 5. Let a(g) = 0 - 597*g**s - g**2 + 598*g**3 + 2. Calculate a(-2).
-10
Let l(a) = -6*a - 63. Let w(d) = -7*d - 72. Let x(o) = 6*l(o) - 5*w(o). What is x(6)?
-24
Let a(s) be the second derivative of -5*s**4/12 - 2*s**3/3 - 3*s**2/2 + 46*s. Give a(-2).
-15
Suppose -35*z + 34*z = -21. Suppose -5*g - 3*s - 7 = z, -4*g + 3*s - 17 = 0. Let l(a) = 2*a + 1. Let q(d) = -8*d - 5. Let x(c) = -9*l(c) - 2*q(c). What is x(g)?
11
Let m(l) be the first derivative of l**3/3 - 7*l**2/2 - 4*l + 139. What is m(9)?
14
Let t(r) = r**2 - 6*r + 4. Suppose z + 4*u = 133, 3*z + 244 = 5*z - 3*u. Let s = -121 + z. What is t(s)?
-4
Let q be (-1)/2*(2 + -10). Let o(r) = r + 2. Let y(w) = w**2 - 10*w - 13. Let v(u) = -6*o(u) - y(u). Calculate v(q).
1
Let b(o) = -o**3 + 6*o**2 - 3*o - 3. Let s be (-10)/(-35) + (-108)/(-14). Let d be s + (2 + -10)/4. Let u be ((-21)/14)/(d/(-20)). What is b(u)?
7
Let f(b) = -2*b**2 + 4*b + 5. Let d = 38 + -20. Let p = d - -3. Let l = p + -17. Give f(l).
-11
Let m(u) be the second derivative of -u**5/20 - u**3/3 + u**2 - 37*u - 1. Calculate m(0).
2
Let m(g) = g**2 + g + 4. Let s(o) = o**3 + 14*o**2 + 39*o - 12. Let d be s(-10). Calculate m(d).
6
Let t(h) = 2*h**3 - 2*h**2 + 8*h - 6. Let r(d) = -d**3 + d**2 - 4*d + 3. Let j(n) = 7*r(n) + 4*t(n). Suppose 5*m = 25, -u + 4*m - 20 = -2. Calculate j(u).
9
Let d be (-24)/3*(-2)/16. Let b(p) = d - 4 + 4 + p - 2. Give b(2).
1
Let p = -1 + 7. Let y(s) be the second derivative of -s**3/3 + 3*s**2/2 - 11*s - 12. Calculate y(p).
-9
Let s(y) = -2*y + 2. Let a(g) = 13*g - 19. Let c(r) = -a(r) - 6*s(r). Determine c(0).
7
Let d(b) = -3 - 8*b + 2*b - 6. Let y(r) = 34*r + 28*r + 10 + 28*r - 84*r. Let o(w) = 6*d(w) + 5*y(w). What is o(-3)?
14
Let n = -1988 - -1991. Let v(p) be the second derivative of p**4/6 - p**3/2 - 3*p**2/2 - p. Give v(n).
6
Let w(m) = -11*m - 15. Let v(b) = -b**2 - 9*b - 24. Let n be v(-3). Give w(n).
51
Suppose 0 = -4*x + t + 5, -t + 3*t = -2*x + 10. Let d(a) = 1847*a - 3*a**2 - a**2 - 1848*a + x. Determine d(2).
-16
Let v = 9354 - 9356. Let s(m) be the first derivative of -m**2 - 1 + 0*m**3 + 1/4*m**4 + 0*m. Determine s(v).
-4
Suppose p = -1 + 7. Let l = -6 + p. Suppose l = 4*w - 5*w - 2. Let m(f) = -f**3 - 2*f**2 - f - 2. Determine m(w).
0
Suppose a + 2*w + 57 = 6*a, a - w = 9. Let i(p) = -5*p + p**3 + a*p + 29*p**2 - 7 - 35*p**2. Suppose 12*j = 9*j + 15. Calculate i(j).
8
Let p(d) = -6*d**2 - d - 1. Suppose 0 = -y - 4, -2*f + 74 = 4*y. Let q = f - 46. What is p(q)?
-6
Let n = 8 - 9. Let v be 1/(-2) - (-34)/4. Let p(q) = -v*q**2 - 2*q**2 + 0*q**2 + 2*q**2. Calculate p(n).
-8
Let p = 28 + -28. Let o(m) = 3 + p - 4 - m. Calculate o(-8).
7
Let n(l) = 3*l - 61. Suppose -1407 = -45*h - 22*h. What is n(h)?
2
Suppose 8 = 331*c - 335*c. Let a(m) = -4*m + 4 - 4. What is a(c)?
8
Let a be ((-6)/7)/(3/(-21)). Suppose 2*l - 4 - a = 0. Let z(n) = 2*n**2 - 14*n + 12. Let f(w) = -w**2 + 7*w - 6. Let m(r) = -5*f(r) - 3*z(r). What is m(l)?
4
Let c(v) be the first derivative of v**4/4 + v**3 + v**2 - 3*v + 1. Suppose 6 + 8 = -z. Let d(y) = -y**3 - 13*y**2 + 15*y + 11. Let w be d(z). Give c(w).
-9
Suppose -2*n + 21*q - 34 = 17*q, 0 = -4*n + 2*q - 38. Let h(s) = -s**3 - 5*s**2 + 9*s - 2. Determine h(n).
33
Let u(o) be the third derivative of o**6/120 + 7*o**5/60 + o**4/3 + 4*o**3/3 + o**2 + 8*o. Determine u(-6).
-4
Let a be (2 - 10) + (-22)/(-11) + -1. Let q(x) = x**3 + 6*x**2 - 4*x + 13. Determine q(a).
-8
Let a(h) = 0*h - 8*h - 4*h + 20 + 22*h - h**2 - 7*h. Determine a(7).
-8
Let y(c) = c + 3. Let w(a) = 1. Suppose -2*p - 2*j = -4*p - 6, -39 = 4*p + 5*j. Let n(l) = p*w(l) + y(l). Calculate n(0).
-3
Let t(n) = n**2 - 3*n - 7. Let x be (3 - 2) + (57 - 3). Suppose -4*f - x = -83. What is t(f)?
21
Suppose 35 = 4*z + z. Let v(r) be the first derivative of r + 7/3*r**3 - 1/4*r**4 - 3/2*r**2 + 10. Give v(z).
-20
Let b(z) be the third derivative of 7/60*z**5 - 41*z**2 + 0 + 1/120*z**6 - 1/3*z**4 - 1/6*z**3 + 0*z. Give b(-8).
-1
Let b(a) = 6 - a + 3 + 12 - 14. Give b(7).
0
Let f(j) be the second derivative of 1/2*j**4 + 14*j - 3/2*j**3 + 0 - 2*j**2 + 1/20*j**5. Determine f(-7).
10
Suppose -99*w + 87*w = -12. Let s(b) = 18*b + 4. Determine s(w).
22
Let r(j) = -2*j - 7. Let u be r(-6). Let z(w) be the second derivative of -w**4/6 + w**3 + 3*w**2/2 + 78*w + 1. What is z(u)?
-17
Let b(k) be the third derivative of 0 - 8*k**2 + 0*k**3 - 1/30*k**5 + 0*k - 1/12*k**4. Let 